mmon divisor of 65989 and 1837?
11
Calculate the greatest common factor of 1060 and 3975424.
212
What is the highest common factor of 746315 and 1392?
29
Calculate the highest common divisor of 168219483 and 387.
129
Calculate the highest common divisor of 1096460 and 10220.
1460
Calculate the highest common divisor of 227420 and 1456036.
548
What is the highest common divisor of 114 and 435239916?
114
What is the highest common factor of 1405 and 152345?
5
Calculate the greatest common divisor of 5264 and 30832.
752
What is the highest common factor of 19945703 and 818?
409
What is the greatest common factor of 168232 and 442?
34
What is the greatest common divisor of 171 and 135907209?
171
Calculate the greatest common divisor of 157168 and 4146528.
752
What is the greatest common factor of 118518 and 28794?
6
What is the greatest common divisor of 69 and 515012?
1
What is the highest common factor of 7021 and 8916257?
413
Calculate the greatest common divisor of 9451836 and 13284.
108
Calculate the greatest common divisor of 842670 and 225.
45
What is the highest common divisor of 93447 and 8802?
27
What is the highest common divisor of 566 and 181549877?
283
What is the greatest common divisor of 300 and 481274650?
50
What is the greatest common factor of 304412 and 32?
4
Calculate the highest common factor of 3815134 and 2.
2
What is the highest common divisor of 28622692 and 1204?
1204
Calculate the highest common factor of 891 and 10143573.
33
What is the greatest common divisor of 4081 and 43444471?
371
What is the greatest common factor of 2992065 and 157040?
755
Calculate the highest common factor of 9588 and 1418601.
141
What is the greatest common divisor of 2210 and 45240?
130
What is the greatest common divisor of 45822804 and 60388?
1948
Calculate the highest common factor of 9178 and 7987684.
706
Calculate the greatest common factor of 1672485 and 20640.
645
What is the highest common divisor of 258722406 and 4162?
4162
What is the greatest common factor of 8 and 111360164?
4
Calculate the highest common divisor of 75920 and 122715190.
9490
What is the highest common factor of 66665 and 767941?
199
Calculate the greatest common factor of 1558 and 2009896.
38
What is the greatest common factor of 239874927 and 6777?
753
What is the greatest common divisor of 68179176 and 1104?
552
Calculate the greatest common divisor of 384702 and 44814.
582
Calculate the highest common divisor of 117406 and 88454.
94
Calculate the greatest common factor of 2676 and 162127021.
223
Calculate the greatest common factor of 329037384 and 312.
312
What is the highest common divisor of 950 and 261497?
19
What is the highest common divisor of 9 and 36189819?
9
What is the highest common divisor of 491724 and 2684124?
3132
What is the highest common factor of 51680 and 268280?
760
What is the greatest common divisor of 8909589 and 6201?
39
What is the highest common divisor of 19575786 and 199182?
2238
What is the greatest common factor of 353 and 37454359?
353
Calculate the greatest common divisor of 38 and 47711375.
19
Calculate the highest common divisor of 805 and 7190785.
35
Calculate the greatest common factor of 11940107 and 5884.
1471
What is the highest common factor of 2771798 and 4?
2
What is the highest common divisor of 332 and 522659134?
166
What is the highest common factor of 145498122 and 77?
77
Calculate the highest common factor of 17118136 and 239.
239
Calculate the highest common factor of 43173024 and 18768.
1104
Calculate the greatest common divisor of 315945 and 4635.
45
What is the greatest common divisor of 4888 and 5556928?
104
Calculate the highest common divisor of 5247695 and 145.
145
What is the highest common factor of 1469038 and 170?
34
What is the greatest common factor of 852 and 2024784?
12
Calculate the highest common divisor of 72 and 1751944.
8
What is the greatest common divisor of 72445354 and 253888?
7934
Calculate the highest common divisor of 49550635 and 10.
5
What is the highest common factor of 389076813 and 513?
171
What is the highest common divisor of 49155 and 1774043274?
9831
Calculate the greatest common divisor of 1008 and 65475144.
504
What is the greatest common divisor of 6210 and 14311290?
690
Calculate the greatest common divisor of 108 and 11727684.
36
What is the highest common factor of 21655991 and 57?
19
Calculate the greatest common divisor of 1739 and 9974534.
37
Calculate the highest common divisor of 21580 and 6985420.
260
Calculate the highest common divisor of 1666 and 597890.
34
What is the highest common factor of 1290 and 11071140?
30
What is the highest common divisor of 4050 and 43499025?
2025
Calculate the greatest common factor of 595973 and 1295009.
4481
Calculate the greatest common divisor of 58613000 and 10.
10
What is the highest common factor of 1467117 and 774?
387
Calculate the highest common factor of 102 and 1913095544.
34
What is the highest common factor of 29221065 and 18135?
1395
What is the greatest common factor of 517 and 4412031?
47
What is the highest common divisor of 3300 and 30300?
300
What is the greatest common factor of 148620 and 1590?
30
What is the greatest common divisor of 511568 and 400?
16
Calculate the greatest common factor of 23313588 and 813.
813
What is the highest common divisor of 15694 and 137063549?
7847
What is the greatest common factor of 60426 and 5004666?
162
What is the highest common divisor of 635418880 and 1024?
256
What is the highest common divisor of 18279 and 81240?
2031
What is the highest common divisor of 205353124 and 15764?
2252
What is the greatest common divisor of 17722 and 12128?
2
Calculate the greatest common factor of 3572052 and 330.
66
Calculate the greatest common divisor of 325 and 218989901.
13
What is the highest common divisor of 58080 and 1927893?
363
Calculate the highest common factor of 1750 and 46795000.
1750
Calculate the highest common factor of 1665475266 and 546.
546
What is the highest common divisor of 621 and 6984495?
27
Calculate the greatest common factor of 11983 and 2865500.
521
Calculate the greatest common divisor of 233040 and 4260.
60
Calculate the highest common factor of 12 and 1409754.
6
Calculate the highest common divisor of 11947598 and 52.
26
What is the highest common factor of 155116715 and 130?
65
What is the greatest common divisor of 344613 and 70097?
367
What is the highest common factor of 66101 and 4985407?
3479
What is the highest common divisor of 28175 and 1167425?
1225
What is the greatest common divisor of 8452138 and 10310?
2062
Calculate the highest common factor of 562224 and 385866.
1326
Calculate the greatest common factor of 27 and 91589319.
27
What is the greatest common factor of 3924171 and 45?
9
Calculate the greatest common factor of 806 and 10113285.
403
Calculate the highest common divisor of 32521852 and 11.
11
Calculate the greatest common divisor of 57913954 and 2898.
322
What is the highest common divisor of 44364256 and 64?
32
Calculate the greatest common factor of 3210690 and 15162.
42
Calculate the highest common divisor of 53460563 and 425.
17
Calculate the greatest common factor of 103240 and 1375228.
356
What is the highest common factor of 61629306 and 150?
6
Calculate the greatest common divisor of 244139 and 371.
7
Calculate the highest common divisor of 10601155 and 45.
5
What is the greatest common factor of 1 and 118956199?
1
Calculate the greatest common divisor of 2398352330 and 38.
38
What is the greatest common divisor of 641470 and 5762074?
5578
Calculate the highest common divisor of 6858272 and 800.
32
Calculate the greatest common factor of 10192 and 21681569.
637
What is the highest common factor of 3534310 and 1755?
65
Calculate the greatest common divisor of 16190615 and 98.
7
What is the greatest common divisor of 3225 and 315706?
43
What is the highest common factor of 674 and 645794448?
674
What is the greatest common factor of 276 and 204009?
3
What is the highest common divisor of 116508 and 949?
73
Calculate the highest common factor of 2173 and 19808986.
41
Calculate the highest common factor of 4858 and 19745341.
2429
Calculate the highest common divisor of 2144 and 3.
1
What is the highest common factor of 2590